{"id":22647,"date":"2025-01-20T08:45:40","date_gmt":"2025-01-20T08:45:40","guid":{"rendered":"https:\/\/wp.smartstories.io\/?page_id=22647"},"modified":"2025-01-20T13:30:04","modified_gmt":"2025-01-20T13:30:04","slug":"privacy-policy-french-version","status":"publish","type":"page","link":"https:\/\/smartstories.io\/?page_id=22647&lang=fr","title":{"rendered":"Politique de Confidentialit\u00e9"},"content":{"rendered":"\t\t<div data-elementor-type=\"wp-page\" data-elementor-id=\"22647\" class=\"elementor elementor-22647\">\n\t\t\t\t<div class=\"elementor-element elementor-element-510cb78c e-flex e-con-boxed e-con e-parent\" data-id=\"510cb78c\" data-element_type=\"container\" data-e-type=\"container\">\n\t\t\t\t\t<div class=\"e-con-inner\">\n\t\t\t\t<div class=\"elementor-element elementor-element-5bf02a1b elementor-widget elementor-widget-text-editor\" data-id=\"5bf02a1b\" data-element_type=\"widget\" data-e-type=\"widget\" data-settings=\"{&quot;ekit_we_effect_on&quot;:&quot;none&quot;}\" data-widget_type=\"text-editor.default\">\n\t\t\t\t<div class=\"elementor-widget-container\"><p><strong>Derni\u00e8re mise \u00e0 jour : 27 avril 2023<\/strong><\/p>\n<p>Cette politique de confidentialit\u00e9 d\u00e9crit nos politiques et proc\u00e9dures sur la collecte, l&#8217;utilisation et la divulgation de vos informations lorsque vous utilisez le Service et vous informe de vos droits \u00e0 la vie priv\u00e9e et de la mani\u00e8re dont la loi vous prot\u00e8ge. Nous utilisons vos donn\u00e9es personnelles pour fournir et am\u00e9liorer le Service. En utilisant le Service, vous acceptez la collecte et l&#8217;utilisation des informations conform\u00e9ment \u00e0 cette politique de confidentialit\u00e9. Cette politique de confidentialit\u00e9 a \u00e9t\u00e9 cr\u00e9\u00e9e avec l&#8217;aide du g\u00e9n\u00e9rateur de politique de confidentialit\u00e9 gratuit.<\/p>\n<h4 class=\"wp-block-heading\">Interpr\u00e9tation et D\u00e9finitions<\/h4>\n<p><strong>Interpr\u00e9tation<\/strong><\/p>\n<p>Les mots dont la premi\u00e8re lettre est en majuscule ont les significations d\u00e9finies dans les conditions suivantes. Les d\u00e9finitions suivantes auront la m\u00eame signification qu&#8217;elles apparaissent au singulier ou au pluriel.<\/p>\n<p><strong>D\u00e9finitions<\/strong><\/p>\n<p>Aux fins de cette politique de confidentialit\u00e9 :<\/p>\n<p><strong>Compte<\/strong> d\u00e9signe un compte unique cr\u00e9\u00e9 pour vous permettre d&#8217;acc\u00e9der \u00e0 notre Service ou \u00e0 des parties de notre Service.<\/p>\n<p><strong>Entreprise<\/strong> (d\u00e9sign\u00e9e par &#8220;l&#8217;entreprise&#8221;, &#8220;nous&#8221;, &#8220;notre&#8221; ou &#8220;notre&#8221; dans cet accord) fait r\u00e9f\u00e9rence \u00e0 Smart Stories.<\/p>\n<p><strong>Cookies<\/strong> sont de petits fichiers qui sont plac\u00e9s sur votre ordinateur, appareil mobile ou tout autre appareil par un site web, contenant les d\u00e9tails de votre historique de navigation sur ce site parmi ses nombreuses utilisations.<\/p>\n<p><strong>Pays<\/strong> d\u00e9signe : Liban<\/p>\n<p><strong>Appareil<\/strong> d\u00e9signe tout appareil qui peut acc\u00e9der au Service, tel qu&#8217;un ordinateur, un t\u00e9l\u00e9phone portable ou une tablette num\u00e9rique.<\/p>\n<p><strong>Donn\u00e9es personnelles<\/strong> d\u00e9signent toute information qui se rapporte \u00e0 une personne identifi\u00e9e ou identifiable.<\/p>\n<p><strong>Service<\/strong> d\u00e9signe le site web.<\/p>\n<p><strong>Fournisseur de services<\/strong> d\u00e9signe toute personne physique ou morale qui traite les donn\u00e9es pour le compte de l&#8217;entreprise. Il fait r\u00e9f\u00e9rence aux entreprises ou individus tiers employ\u00e9s par l&#8217;entreprise pour faciliter le Service, fournir le Service en son nom, effectuer des services li\u00e9s au Service ou aider l&#8217;entreprise \u00e0 analyser la mani\u00e8re dont le Service est utilis\u00e9.<\/p>\n<p><strong>R\u00e9seau social tiers<\/strong> d\u00e9signe tout site web ou tout r\u00e9seau social par lequel un utilisateur peut se connecter ou cr\u00e9er un compte pour utiliser le Service.<\/p>\n<p><strong>Donn\u00e9es d&#8217;utilisation<\/strong> d\u00e9signent les donn\u00e9es collect\u00e9es automatiquement, soit g\u00e9n\u00e9r\u00e9es par l&#8217;utilisation du Service, soit issues de l&#8217;infrastructure du Service elle-m\u00eame (par exemple, la dur\u00e9e d&#8217;une visite de page).<\/p>\n<p><strong>Site web<\/strong> fait r\u00e9f\u00e9rence \u00e0 Smart Stories, accessible depuis <a href=\"https:\/\/wp.smartstories.io\/\">https:\/\/wp.smartstories.io\/<\/a>.<\/p>\n<p><strong>Vous<\/strong> d\u00e9signe la personne acc\u00e9dant ou utilisant le Service, ou l&#8217;entreprise ou autre entit\u00e9 juridique pour le compte de laquelle cette personne acc\u00e8de ou utilise le Service, le cas \u00e9ch\u00e9ant.<\/p>\n<h4>Collecte et Utilisation de Vos Donn\u00e9es Personnelles<\/h4>\n<p><strong>Types de Donn\u00e9es Collect\u00e9es<\/strong><\/p>\n<p><strong>Donn\u00e9es Personnelles<\/strong><\/p>\n<p>Lors de l&#8217;utilisation de notre Service, nous pouvons vous demander de nous fournir certaines informations personnellement identifiables qui peuvent \u00eatre utilis\u00e9es pour vous contacter ou vous identifier. Ces informations personnellement identifiables incluent, sans s&#8217;y limiter :<\/p>\n<ul>\n<li>Adresse e-mail<\/li>\n<li>Pr\u00e9nom et nom de famille<\/li>\n<li>Num\u00e9ro de t\u00e9l\u00e9phone<\/li>\n<li>Adresse, \u00e9tat, province, code postal, ville<\/li>\n<\/ul>\n<p><strong>Donn\u00e9es d&#8217;Utilisation<\/strong><\/p>\n<p>Les donn\u00e9es d&#8217;utilisation sont collect\u00e9es automatiquement lors de l&#8217;utilisation du Service.<\/p>\n<p>Les donn\u00e9es d&#8217;utilisation peuvent inclure des informations telles que l&#8217;adresse IP de votre appareil, le type de navigateur, la version du navigateur, les pages de notre Service que vous visitez, l&#8217;heure et la date de votre visite, le temps pass\u00e9 sur ces pages, des identifiants d&#8217;appareil uniques et d&#8217;autres donn\u00e9es diagnostiques.<\/p>\n<p>Lorsque vous acc\u00e9dez au Service via un appareil mobile, nous pouvons collecter certaines informations automatiquement, y compris, mais sans s&#8217;y limiter, le type d&#8217;appareil mobile que vous utilisez, l&#8217;ID unique de votre appareil mobile, l&#8217;adresse IP de votre appareil mobile, le syst\u00e8me d&#8217;exploitation mobile, le type de navigateur mobile que vous utilisez, les identifiants d&#8217;appareil uniques et d&#8217;autres donn\u00e9es diagnostiques.<\/p>\n<p>Nous pouvons \u00e9galement collecter des informations que votre navigateur envoie chaque fois que vous visitez notre Service ou lorsque vous acc\u00e9dez au Service via un appareil mobile.<\/p>\n<p><strong>Informations provenant de services de m\u00e9dias sociaux tiers<\/strong><\/p>\n<p>L&#8217;entreprise vous permet de cr\u00e9er un compte et de vous connecter pour utiliser le Service via les services de m\u00e9dias sociaux tiers suivants :<\/p>\n<ul>\n<li>Google<\/li>\n<li>Facebook<\/li>\n<li>Twitter<\/li>\n<li>LinkedIn<\/li>\n<\/ul>\n<p>Si vous choisissez de vous inscrire via ou de nous accorder l&#8217;acc\u00e8s \u00e0 un service de m\u00e9dias sociaux tiers, nous pouvons collecter des donn\u00e9es personnelles d\u00e9j\u00e0 associ\u00e9es \u00e0 votre compte de ce service de m\u00e9dias sociaux, telles que votre nom, votre adresse e-mail, vos activit\u00e9s ou votre liste de contacts associ\u00e9e \u00e0 ce compte.<\/p>\n<p>Vous pouvez \u00e9galement avoir la possibilit\u00e9 de partager des informations suppl\u00e9mentaires avec l&#8217;entreprise via le compte de votre service de m\u00e9dias sociaux tiers. Si vous choisissez de fournir ces informations et donn\u00e9es personnelles, lors de l&#8217;inscription ou autrement, vous donnez \u00e0 l&#8217;entreprise la permission de les utiliser, de les partager et de les stocker de mani\u00e8re conforme \u00e0 cette politique de confidentialit\u00e9.<\/p>\n<p><strong>Technologies de suivi et Cookies<\/strong><\/p>\n<p>Nous utilisons des cookies et des technologies de suivi similaires pour suivre l&#8217;activit\u00e9 sur notre Service et stocker certaines informations. Les technologies de suivi utilis\u00e9es sont des balises, des \u00e9tiquettes et des scripts pour collecter et suivre des informations afin d&#8217;am\u00e9liorer et d&#8217;analyser notre Service. Les technologies que nous utilisons peuvent inclure :<\/p>\n<ul>\n<li><strong>Cookies ou Cookies de navigateur.<\/strong> Un cookie est un petit fichier plac\u00e9 sur votre appareil. Vous pouvez configurer votre navigateur pour refuser tous les cookies ou pour indiquer lorsqu&#8217;un cookie est envoy\u00e9. Cependant, si vous n&#8217;acceptez pas les cookies, vous ne pourrez peut-\u00eatre pas utiliser certaines parties de notre Service. \u00c0 moins que vous n&#8217;ayez ajust\u00e9 les param\u00e8tres de votre navigateur pour qu&#8217;il refuse les cookies, notre Service peut utiliser des cookies.<\/li>\n<li><strong>Cookies Flash.<\/strong> Certaines fonctionnalit\u00e9s de notre Service peuvent utiliser des objets stock\u00e9s localement (ou cookies Flash) pour collecter et stocker des informations sur vos pr\u00e9f\u00e9rences ou votre activit\u00e9 sur notre Service. Les cookies Flash ne sont pas g\u00e9r\u00e9s par les m\u00eames param\u00e8tres de navigateur que ceux utilis\u00e9s pour les cookies de navigateur. Pour plus d&#8217;informations sur la mani\u00e8re de supprimer les cookies Flash, veuillez lire &#8220;O\u00f9 puis-je modifier les param\u00e8tres pour d\u00e9sactiver ou supprimer les objets partag\u00e9s locaux ?&#8221; disponible sur <a href=\"https:\/\/helpx.adobe.com\/flash-player\/kb\/disable-local-shared-objects-flash.html#main_Where_can_I_change_the_settings_for_disabling__or_deleting_local_shared_objects\" target=\"_new\" rel=\"noopener\">https:\/\/helpx.adobe.com\/flash-player\/kb\/disable-local-shared-objects-flash.html#main_Where_can_I_change_the_settings_for_disabling__or_deleting_local_shared_objects<\/a>_<\/li>\n<li><strong>Balises Web.<\/strong> Certaines sections de notre Service et nos e-mails peuvent contenir de petits fichiers \u00e9lectroniques appel\u00e9s balises web (\u00e9galement appel\u00e9es gifs clairs, balises pixel et gifs \u00e0 un pixel) qui permettent \u00e0 l&#8217;entreprise, par exemple, de compter les utilisateurs qui ont visit\u00e9 ces pages ou ouvert un e-mail et pour d&#8217;autres statistiques connexes (par exemple, enregistrer la popularit\u00e9 d&#8217;une certaine section et v\u00e9rifier l&#8217;int\u00e9grit\u00e9 du syst\u00e8me et du serveur).<\/li>\n<\/ul>\n<p>Les cookies peuvent \u00eatre des cookies &#8220;persistants&#8221; ou des cookies &#8220;de session&#8221;. Les cookies persistants restent sur votre ordinateur ou appareil mobile lorsque vous \u00eates hors ligne, tandis que les cookies de session sont supprim\u00e9s d\u00e8s que vous fermez votre navigateur web.<\/p>\n<h4>Utilisation de vos donn\u00e9es personnelles<\/h4>\n<p>L&#8217;entreprise peut utiliser vos donn\u00e9es personnelles pour les objectifs suivants :<\/p>\n<ul>\n<li>Pour fournir et maintenir notre Service, y compris pour surveiller l&#8217;utilisation de notre Service.<\/li>\n<li>Pour g\u00e9rer votre compte : pour g\u00e9rer votre inscription en tant qu&#8217;utilisateur du Service.<\/li>\n<li>Pour la performance d&#8217;un contrat : d\u00e9veloppement, conformit\u00e9 et ex\u00e9cution du contrat d&#8217;achat des produits, articles ou services que vous avez achet\u00e9s ou d&#8217;un autre contrat avec nous via le Service.<\/li>\n<li>Pour vous contacter : pour vous contacter par e-mail, appels t\u00e9l\u00e9phoniques, SMS ou autres formes de communication \u00e9lectronique \u00e9quivalentes, telles que les notifications push d&#8217;une application mobile concernant des mises \u00e0 jour ou des communications informatives li\u00e9es aux fonctionnalit\u00e9s, produits ou services contract\u00e9s.<\/li>\n<li>Pour vous fournir des nouvelles, des offres sp\u00e9ciales et des informations g\u00e9n\u00e9rales sur d&#8217;autres biens, services et \u00e9v\u00e9nements que nous offrons, similaires \u00e0 ceux que vous avez d\u00e9j\u00e0 achet\u00e9s ou demand\u00e9s, sauf si vous avez choisi de ne pas recevoir ces informations.<\/li>\n<\/ul>\n<p>L&#8217;entreprise peut partager vos informations personnelles dans les situations suivantes :<\/p>\n<ul>\n<li>Avec des fournisseurs de services : pour surveiller et analyser l&#8217;utilisation de notre Service, pour vous contacter.<\/li>\n<li>Lors de transactions commerciales : nous pouvons partager ou transf\u00e9rer vos informations personnelles dans le cadre d&#8217;une fusion, d&#8217;une vente d&#8217;actifs de l&#8217;entreprise, d&#8217;un financement ou d&#8217;une acquisition totale ou partielle de notre entreprise par une autre soci\u00e9t\u00e9.<\/li>\n<li>Avec des partenaires commerciaux : nous pouvons partager vos informations avec nos partenaires commerciaux pour vous offrir certains produits, services ou promotions.<\/li>\n<\/ul>\n<h4>Conservation de vos donn\u00e9es personnelles<\/h4>\n<p>L&#8217;entreprise conservera vos donn\u00e9es personnelles uniquement aussi longtemps que n\u00e9cessaire pour les objectifs d\u00e9finis dans cette politique de confidentialit\u00e9. Nous conserverons et utiliserons vos donn\u00e9es personnelles dans la mesure n\u00e9cessaire pour nous conformer \u00e0 nos obligations l\u00e9gales.<\/p>\n<h4>S\u00e9curit\u00e9 de vos donn\u00e9es personnelles<\/h4>\n<p>La s\u00e9curit\u00e9 de vos donn\u00e9es personnelles est importante pour nous, mais rappelez-vous qu&#8217;aucune m\u00e9thode de transmission sur Internet ou de stockage \u00e9lectronique n&#8217;est 100% s\u00e9curis\u00e9e. Bien que nous nous efforcions d&#8217;utiliser des moyens commercialement acceptables pour prot\u00e9ger vos donn\u00e9es personnelles, nous ne pouvons pas garantir leur s\u00e9curit\u00e9 absolue.<\/p>\n<h4>Confidentialit\u00e9 des enfants<\/h4>\n<p>Notre Service ne s&#8217;adresse pas aux personnes de moins de 13 ans. Nous ne collectons pas sciemment des informations personnellement identifiables de personnes de moins de 13 ans. Si vous \u00eates parent ou tuteur et que vous \u00eates conscient que votre enfant nous a fourni des donn\u00e9es personnelles, veuillez nous contacter.<\/p>\n<h4>Liens vers d&#8217;autres sites Web<\/h4>\n<p>Notre Service peut contenir des liens vers d&#8217;autres sites web qui ne sont pas exploit\u00e9s par nous. Nous vous conseillons vivement de revoir la politique de confidentialit\u00e9 de chaque site que vous visitez.<\/p>\n<h4>Modifications de cette politique de confidentialit\u00e9<\/h4>\n<p>Nous pouvons mettre \u00e0 jour notre politique de confidentialit\u00e9 de temps \u00e0 autre. Nous vous informerons de toute modification en publiant la nouvelle politique de confidentialit\u00e9 sur cette page.<\/p>\n<h4>Nous contacter<\/h4>\n<p>Si vous avez des questions concernant cette politique de confidentialit\u00e9, vous pouvez nous contacter \u00e0 l&#8217;adresse suivante :<br \/><a href=\"https:\/\/wp.smartstories.io\/\" target=\"_new\" rel=\"noopener\">https:\/\/wp.smartstories.io\/<\/a><\/p><\/div>\n\t\t\t\t<\/div>\n\t\t\t\t\t<\/div>\n\t\t\t\t<\/div>\t\t<\/div>\n\t\t","protected":false},"excerpt":{"rendered":"<p>Derni\u00e8re mise \u00e0 jour : 27 avril 2023 Cette politique de confidentialit\u00e9 d\u00e9crit nos politiques et proc\u00e9dures sur la collecte, l&#8217;utilisation et la divulgation de vos informations lorsque vous utilisez le Service et vous informe de vos droits \u00e0 la vie priv\u00e9e et de la mani\u00e8re dont la loi vous prot\u00e8ge. Nous utilisons vos donn\u00e9es [&hellip;]<\/p>\n","protected":false},"author":3,"featured_media":0,"parent":0,"menu_order":0,"comment_status":"closed","ping_status":"closed","template":"","meta":{"footnotes":""},"class_list":["post-22647","page","type-page","status-publish","hentry"],"_links":{"self":[{"href":"https:\/\/smartstories.io\/index.php?rest_route=\/wp\/v2\/pages\/22647","targetHints":{"allow":["GET"]}}],"collection":[{"href":"https:\/\/smartstories.io\/index.php?rest_route=\/wp\/v2\/pages"}],"about":[{"href":"https:\/\/smartstories.io\/index.php?rest_route=\/wp\/v2\/types\/page"}],"author":[{"embeddable":true,"href":"https:\/\/smartstories.io\/index.php?rest_route=\/wp\/v2\/users\/3"}],"replies":[{"embeddable":true,"href":"https:\/\/smartstories.io\/index.php?rest_route=%2Fwp%2Fv2%2Fcomments&post=22647"}],"version-history":[{"count":14,"href":"https:\/\/smartstories.io\/index.php?rest_route=\/wp\/v2\/pages\/22647\/revisions"}],"predecessor-version":[{"id":22680,"href":"https:\/\/smartstories.io\/index.php?rest_route=\/wp\/v2\/pages\/22647\/revisions\/22680"}],"wp:attachment":[{"href":"https:\/\/smartstories.io\/index.php?rest_route=%2Fwp%2Fv2%2Fmedia&parent=22647"}],"curies":[{"name":"wp","href":"https:\/\/api.w.org\/{rel}","templated":true}]}}